or of 36 and b?
12
Let p be -3*((-98)/6)/7. Let s(j) = -10*j - 8. Let n be s(-5). Calculate the highest common factor of n and p.
7
Let x(c) = -c**3 - 8*c**2 - 9*c - 22. Let h = 15 - 26. Let a be x(h). What is the greatest common divisor of 40 and a?
40
Suppose 11*j - 34 = 10. Suppose z - 3 = -2*c, z - 2 = -5*c + 7. Let h be 4/j*(-12)/z. Calculate the greatest common divisor of 12 and h.
12
Suppose -2*a + 239 = 163. What is the greatest common divisor of 209 and a?
19
Suppose 0 = -3*w - 0*w - 6. Let s = w - -27. Let f = s + -9. Calculate the highest common divisor of 112 and f.
16
Let p = -173 + 341. What is the greatest common divisor of 126 and p?
42
Suppose -3 = -2*f - f. Let k be 117/6 + (2 - 6/4). Suppose -k + 26 = 3*q. Calculate the greatest common divisor of f and q.
1
Let c = -1758 + 1762. What is the greatest common divisor of c and 4?
4
Suppose 0 = -3*m + 2*f + 1830, 3*m - 6*m + 1818 = 2*f. Calculate the highest common divisor of 19 and m.
19
Let f be -3*82/(-2) + (-49 - -45). Calculate the greatest common divisor of 1666 and f.
119
Suppose -s + 8 = 131. Suppose 3*g + 44 + 61 = 0. Let y = g - s. Calculate the highest common divisor of 8 and y.
8
Let t(k) = 5*k**2 + 11*k + 21. Let b be t(-6). Let g = 5 + 10. What is the highest common factor of g and b?
15
Let b = -148 - -211. Calculate the highest common divisor of b and 273.
21
Let u = -583 + 2211. What is the highest common divisor of u and 74?
74
Let t(h) = 4*h**2 + h - 7. Let o be t(2). Let v be 73 + 1 + 0 + 3. Calculate the greatest common divisor of o and v.
11
Let h = 777 - 768. What is the highest common factor of h and 1116?
9
Suppose -8*k - 634 + 4514 = 0. What is the highest common divisor of k and 582?
97
Let d(x) = 4*x - 11. Suppose -4*r + v + 67 = 26, -5*r = -3*v - 46. Let f be d(r). What is the greatest common factor of f and 231?
33
Let b(v) = -v + 6. Let m be b(-4). Suppose -w = -137 + 27. What is the highest common divisor of w and m?
10
Suppose -22*i - 24*i + 66378 = 0. What is the highest common divisor of 39 and i?
39
Suppose 5*s = 5, -4*p + 274 = s + s. Let q be p/20 - 6/15 - -50. Calculate the highest common divisor of 477 and q.
53
Let v = -18 - -23. Suppose 3*p - 4 = 2*b, -5 = -v*p + b + 4*b. What is the highest common divisor of 8 and p?
2
Let j = -163 - -221. Let z be j + -5 + 3 + -5. Calculate the highest common factor of z and 17.
17
Suppose -13*a = -10*a - 36. Let v be ((-288)/21)/(2/(-14)). Calculate the greatest common factor of v and a.
12
Let v = 248 - 200. Calculate the highest common factor of v and 36.
12
Let x(t) = t**3 + 8*t**2 - 2*t - 11. Let z be x(-8). Suppose 59 = -z*g + 559. Suppose -5*o = -8*o + 60. Calculate the highest common factor of o and g.
20
Let n(z) = -7*z - 29. Let j be n(-7). Let p = 61 - j. What is the highest common divisor of 41 and p?
41
Let g(l) = -55*l**3 + l**2 + 3*l + 1. Let m be g(-1). Suppose -4*i = 5*q - 93, i + 0*q + q - 24 = 0. What is the greatest common factor of m and i?
27
Suppose 0 = -n - w + 268, -3*n + 428 + 384 = 5*w. What is the greatest common divisor of 11 and n?
11
Suppose 2*l - 4*d + 11 = 45, 0 = -3*d + 15. Calculate the highest common factor of l and 6.
3
Let n = 10 + -11. Let x be n + (-7)/((-28)/16). Calculate the greatest common divisor of 3 and x.
3
Let q = 11 + -9. Suppose -x = -r + 66, -6*r + r + q*x = -342. Calculate the highest common factor of r and 10.
10
Let d = 16 - 10. Suppose 3*f = -5*l - 11, -f + 1 = -l - d. Let o be -2 - (-7 - (-9)/f). What is the greatest common divisor of o and 22?
2
Suppose -15*h = -27*h + 384. Calculate the greatest common factor of h and 176.
16
Let m be 22*((-422)/(-20) + 4/10). What is the highest common factor of m and 11?
11
Suppose 6 = 3*l + 4*s - 7, 5*l - 3*s = 41. Let a(x) = x + 16. Let o be a(-11). Let m = l - o. Calculate the highest common factor of m and 5.
1
Let o = 920 + -815. What is the greatest common factor of 45 and o?
15
Let k = 294 + 486. Let o(h) = 2*h - 28. Let v be o(16). Let m be k/55 + v/(-22). Calculate the greatest common divisor of m and 14.
14
Let x(s) = -57*s. Let o be x(-1). Let f(u) = -12*u**3 + 4*u**2 + 4*u + 2. Let m be f(-2). Let b = m - o. What is the highest common factor of b and 7?
7
Suppose -3*m + j + 284 = -89, -m + 119 = j. Calculate the highest common divisor of 656 and m.
41
Let a(s) = -15*s - 140. Let y be a(-16). Calculate the highest common factor of 40 and y.
20
Let o be 21/((-56)/(-8)) + (1 - 1). Let k(g) = 2*g + 20. Let s be k(-9). What is the greatest common divisor of s and o?
1
Let h = -735 + 748. Let m = 2 + 3. Suppose -m*v + 89 = -496. What is the greatest common factor of v and h?
13
Let r(o) = 3*o**2 + o - 3. Let z be r(-4). Let f = z + -40. Calculate the greatest common divisor of f and 2.
1
Let i be (-78)/(-2)*(-3)/(-9). Let d = 1 + i. What is the greatest common factor of d and 140?
14
Let m be -3*(-1461)/63 - 116/203. Calculate the greatest common factor of m and 33.
3
Let o = 1456 + -895. What is the greatest common divisor of 102 and o?
51
Suppose -12*h - 55 = -307. Calculate the highest common divisor of h and 147.
21
Let h = 546 - 541. Let d(b) be the first derivative of 3*b**3 - 9*b**2/2 - 5*b + 1. Let v be d(h). Calculate the highest common divisor of v and 25.
25
Let r(k) = -k**3 - 3*k**2 + 4. Let o be r(-3). Suppose -o*d - 5*j = -36, 3*d + 9 = 4*d - 4*j. What is the highest common divisor of d and 18?
9
Suppose -8*m + 6*m + 170 = 0. Suppose x - 6*x + m = 0. Calculate the highest common factor of x and 68.
17
Suppose -4*r = w - 3, -2*r + 4 = -4*w - 20. Suppose 0 = 23*d + 23. Let s be -11*(-40)/(d - w). What is the greatest common divisor of s and 10?
10
Suppose m - 7 = -3. Suppose -2*c - c - 39 = -3*n, -m*c - 26 = -2*n. Suppose g - 61 = -n. Calculate the highest common divisor of 32 and g.
16
Suppose j - 27 = -a, -a + 25 = 2*j - 7. Calculate the greatest common factor of a and 66.
22
Let z be ((-432)/(-96))/(78/76 - 1). What is the highest common factor of z and 9?
9
Suppose 3*t = 23 - 83. Let p be (-9)/(-12) + (-305)/t. Calculate the highest common divisor of 16 and p.
16
Let m(c) = -42*c + 400. Let y be m(9). Suppose -l = 3*n - 65, -3*n + 0*n + 2*l = -68. What is the highest common divisor of n and y?
22
Suppose -v + 23 = 2*g, -16*g + 20*g - 11 = 5*v. What is the highest common factor of 549 and g?
9
Suppose -3*o = -t + 309, t = 4*o + 207 + 103. Calculate the highest common factor of t and 12.
6
Let a(b) = -b**3 - 17*b**2 + b + 14. Let t be a(-18). What is the highest common factor of t and 120?
40
Suppose 0 = -6*h + h + 160. Suppose h = 2*y + l + 3*l, 4*y - 46 = l. Suppose -2*f = -8*f + y. Calculate the highest common factor of 2 and f.
2
Let b be 174/24 + -6*6/(-48). What is the greatest common factor of b and 224?
8
Let i be (3 - -24)/9 - 25/(-1). What is the highest common divisor of i and 210?
14
Suppose 22 = 4*d - 0*n - n, 0 = -3*d - 5*n + 5. Suppose k + k - l + 52 = 0, -2*k - 4*l = 62. Let c = -2 - k. Calculate the highest common factor of c and d.
5
Let m(t) = 2*t**2 - 14*t - 51. Let x be m(-5). Calculate the greatest common factor of x and 483.
69
Let d = 4 + 0. Suppose -4*k = -d*s - 72, -3*k - 2*s + 42 = 8. Suppose 4*b - 115 = b + 5*x, 0 = 2*b + 4*x - 62. What is the greatest common divisor of k and b?
7
Let a = 1134 - 1070. What is the greatest common factor of 832 and a?
64
Let x be -2 + (2 - 3) + (4 - -1). What is the greatest common factor of x and 126?
2
Let b(j) = j + 16. Let w be b(-3). Calculate the greatest common factor of 26 and w.
13
Let v be (-2)/(-7) - (-99)/21. Let j be (1 - v) + 2 + 5/1. Calculate the greatest common divisor of j and 1.
1
Suppose -190 + 258 + 236 = 19*s. Suppose 4*j - 6 = 90. What is the highest common factor of j and s?
8
Suppose -5*d - 610 = -4*n, n - 448 = -2*n - d. Let i be (n/(-6))/(0 + -1). Calculate the greatest common divisor of 5 and i.
5
Let x be 3245/(-11) + -2 + 4. Let m = x + 412. Calculate the highest common factor of m and 17.
17
Suppose 5*k = 2*v - 362, 3*k + 179 + 175 = 2*v. Let j = -29 + 48. Calculate the greatest common factor of v and j.
19
Suppose y + 22*v - 24*v = 49, 2*y - 2*v - 88 = 0. What is the highest common factor of y and 39?
39
Let y(o) = 3*o**2 - 2*o + 1. Let f be y(4). Let x = f - 33. What is the highest common divis